- 11*j**4/12 + 5*j**3/3 - 11*j**2/2 - 6*j. Is y(12) a composite number?
True
Suppose 0*w = -3*w + 15, 0 = g + 5*w - 30. Suppose g*a = 25, -2*a + 1325 = -0*j + 5*j. Is j a composite number?
False
Suppose -l - 17529 = -3*o - 4566, 0 = -o - l + 4325. Is o composite?
True
Suppose j + 2*y - 1 + 2 = 0, -4*j = y - 17. Suppose -j*v = -813 - 1162. Is v a composite number?
True
Suppose -2*j - 37185 = -17*j. Is j a composite number?
True
Let v(c) be the third derivative of -c**6/120 - c**5/10 + 11*c**4/24 + c**3/6 - 2*c**2. Suppose 0*t + 54 = -6*t. Is v(t) a prime number?
False
Suppose 3*f + 2 - 10 = 4*z, 19 = 4*f + 3*z. Suppose 3*y - f*d = 4*y + 6, -y - 8 = 5*d. Is 38*-2*(-1)/y a prime number?
False
Let v = 38735 - 11992. Is v a composite number?
True
Suppose -j + 4*i - 16 = 0, -j + 3*j = -2*i + 18. Is 369 + (0 + j - 2) a prime number?
False
Let d be -2*((-2)/3 + 44/(-24)). Suppose -s - 1555 = -3*m + s, m = -d*s + 541. Is m a composite number?
False
Suppose 5*a + u - 8507 = -2395, u = 5*a - 6118. Is a a composite number?
False
Let b = -87 - -102. Suppose 0 = b*n - 9*n - 4398. Is n a composite number?
False
Let y(m) = -43*m**3 + 4*m**2 - 7*m + 7. Is y(-6) a composite number?
True
Let b = 11 - -58. Suppose 2*c = 3*c - b. Is c a composite number?
True
Suppose -b = -3*q + 169663, -44*q - 282766 = -49*q - 4*b. Is q prime?
False
Suppose r = -3*w - 0*w + 67014, -2*w = -r - 44681. Is w a composite number?
True
Let i(p) = -170*p + 641. Is i(-55) composite?
True
Let j = 1583 + -928. Is j a prime number?
False
Let z(w) = 2*w**2 + 13*w + 1. Let o(b) = -b**2 - 6*b. Let y(a) = -11*o(a) - 6*z(a). Let q be y(-11). Suppose 3*u - 30 - 83 = -k, u - 565 = -q*k. Is k composite?
False
Let g be 1 + -3 + (-8)/(-4) + 2. Suppose -3*t = -g*j + 5536, -4*t = 5*j + t - 13865. Is j a composite number?
True
Suppose -2*p + 2668 = 4*y - 4*p, -3*p = 4*y - 2668. Let c = y - 456. Is c composite?
False
Let v = 8338 + -4707. Is v composite?
False
Suppose 3*k - b - 73314 = 0, k - 6*b + 2*b - 24427 = 0. Is k prime?
True
Let x(m) = 3*m + 20. Let h be ((-60)/(-50))/((-2)/10). Let z be x(h). Suppose 2*p - 121 = -u, -5*p + 493 = 2*u + z*u. Is u a prime number?
True
Suppose 1058 = 3*h - m, -947 - 457 = -4*h + 3*m. Suppose 4*u - 2*w - 654 = 0, w + h = 3*u - 134. Is u a composite number?
True
Suppose -18*d + 19*d - 17 = -4*g, 0 = 5*d + 5*g - 160. Is d a composite number?
False
Suppose 20*b - 57608 = 12*b. Is b prime?
False
Let o = -1534 + 1736. Is o a prime number?
False
Suppose -5*j + 16522 = 3*p, -11015 = -2*p - 6*j + 3*j. Is p a composite number?
True
Let h(k) = -25*k + 19. Let n be h(-8). Let z = n - -338. Is z prime?
True
Suppose 3*b - 2*l = -b + 4016, -b = 4*l - 995. Let q = -152 + b. Is q composite?
True
Suppose -l = -2*n - 2*n + 4, 3*n = 4*l - 49. Suppose l*s + 1431 = 36007. Is s a composite number?
False
Let r = 969 + -160. Is r prime?
True
Suppose 4*a + 37179 = l, 12*l - 5*a - 185820 = 7*l. Is l a composite number?
False
Suppose -2*a - 13 = 185. Let q = 154 + a. Suppose -q = -5*s + 130. Is s composite?
False
Let v be 2282/(-70) + (-2)/5. Is (-22)/v*5502/4 composite?
True
Let j = 22 + -19. Suppose 0 = -j*z + 3635 + 1564. Is z a composite number?
False
Suppose b - 1546 = -265. Let p be 56/27 + -2 + 559808/864. Let q = b - p. Is q prime?
False
Let o(g) = 23*g**3 + 3*g**2 + 3*g - 5. Let a be o(3). Suppose a = 5*y - y. Suppose -r + 2*r = y. Is r prime?
True
Let t be (-16)/(-12) - (-57)/(-9). Let f = t + 9. Let k(y) = 38*y + 7. Is k(f) a composite number?
True
Suppose 0 = 163*r - 167*r - 4*v + 43872, -3*r + 3*v = -32934. Is r a composite number?
False
Let y(o) = -o - 8. Let d be y(-11). Suppose -j - 5*g + 10 = -d*g, -3*j = -3*g - 3. Suppose -w + 61 = j*z, -5*w + 3*z - 181 + 440 = 0. Is w a prime number?
True
Let v(d) = -d**3 + 5*d**2 + 5*d + 13. Let k be v(6). Suppose k*c - c = 1854. Is c composite?
True
Let l be (0 - -9)/(-4*5/(-700)). Let n = l + -17. Is n composite?
True
Suppose -7*k + 11*k + p = 11384, 4*k + 2*p = 11384. Is k a prime number?
False
Suppose -2 = -2*x + 6. Let l(w) = -2 + 4 - 4*w - 3 + 8*w**2 + x. Is l(-5) a prime number?
True
Is (4138/3)/(24/18)*2 a prime number?
True
Let t = 208 - 12. Let q = 57 + t. Is q composite?
True
Let c(o) = -14*o + 1. Let h be c(-2). Suppose 27*j + 958 = h*j. Is j composite?
False
Suppose 3809 = -154*o + 155*o. Is o composite?
True
Let l(z) = z**3 + 39*z**2 - 46*z - 11. Is l(-21) composite?
False
Let h be (-5)/((-10)/26)*1. Suppose 9*y - 40 + h = 0. Suppose 2*b - y*r = -0*r + 388, 378 = 2*b + 2*r. Is b composite?
False
Suppose -p + 1551 = 4*a - 7772, 4*p - 5*a - 37313 = 0. Is p a composite number?
True
Let q(r) be the first derivative of -r**4/4 - 10*r**3/3 + r**2 - 8*r - 8. Let t be q(-11). Suppose c + 3*h - 238 = 0, -4*h + 1083 - t = 4*c. Is c prime?
False
Let h(z) = -z**2 + 1. Let a be 0/2*(-1)/(-2). Let y be h(a). Suppose -60 = -4*l - 2*j, y = -2*l + 5*j + 7. Is l a composite number?
False
Let m(u) = 4*u - 5. Let p be m(2). Suppose -a + 2 = -p. Suppose 0 = a*b - 3*z - 464, -2*z = -4*b + z + 370. Is b a composite number?
True
Let r be (-2)/(-12) - 666/108. Suppose 5*p = -2374 - 4851. Is (p/15)/(2/r) a prime number?
False
Is 34179/6*-1*40/(-4) a prime number?
False
Let o = 1914 - 153. Is o a composite number?
True
Suppose -4*t - 22 + 9146 = 0. Is t a prime number?
True
Suppose -13*t = 11*t - 125448. Is t a prime number?
True
Let a be (6/(1 - 2))/((-9)/(-276)). Let q = 419 + a. Is q a composite number?
True
Let l(n) = -41*n - 13. Let v(p) = -3*p**2 - 15*p + 16. Let w be v(-6). Is l(w) composite?
True
Let v be 6791/2 + (-10)/20. Suppose -86*m + 91*m - v = 0. Is m a composite number?
True
Is (39/(-10 - -23))/((-3)/(-967)) a prime number?
True
Suppose 0 = -0*z + z - o - 38695, 0 = z + 4*o - 38685. Is z composite?
False
Suppose -2*w - u = 2*u - 92, -u + 152 = 3*w. Let s = w - -151. Is s prime?
False
Let l(h) = h**2 + 9 + 5 - 2*h**2 + 30*h + 2. Let b be l(13). Suppose 0*i + b = 3*i. Is i a composite number?
False
Suppose -9*a = -4*a. Let m(x) = x**2 - x + 69. Let q be m(a). Suppose -3*l + q + 24 = 0. Is l a prime number?
True
Is (-2 + (4 - -3) + -6)*-18087 prime?
False
Suppose 2*d + 2*m - 11 = 3*m, 4*d - m - 19 = 0. Suppose 4*o + 388 = d*n, o + 4*n = -2*o - 291. Let i = 254 + o. Is i a composite number?
False
Let q = -355 - -353. Let u be (8/(-6))/((-3)/(-45)). Is u/(-30)*(-633)/q prime?
True
Let n(g) = g**3 + g**2 + 8. Let y be n(0). Suppose -y*s + 4556 = 1924. Is s a prime number?
False
Let r(s) be the second derivative of s**3/3 + 11*s**2/2 - 6*s. Let f be r(-8). Let g(o) = 5*o**2 - 4*o - 6. Is g(f) prime?
True
Suppose 14*f + 12258 = 54244. Is f composite?
False
Suppose -7*h + 5*h = -312. Let b = 341 - h. Is b a composite number?
True
Let h be ((-5)/(-10))/((-2)/(-52)). Suppose -1 + h = 3*r. Suppose -5*o = 0, -o - 1015 = -r*b - 195. Is b a composite number?
True
Suppose -2*g = 8, 3151 = -5*b + g + 186570. Is b a prime number?
True
Suppose -35*x + 78 = -38*x. Let y be x/(-8) + (-10)/40. Suppose 2*j - y*j = -211. Is j composite?
False
Suppose -3*c = 11 + 22. Let s(d) = -d**3 - 7*d**2 + 11*d + 10. Is s(c) prime?
True
Let i(g) = 16*g**2 + 4*g - 42. Let r(t) = t**2 - 1. Let u(a) = i(a) - 12*r(a). Is u(-14) a prime number?
False
Suppose 0 = -22*a + 15*a + 3451. Is a a composite number?
True
Let b(x) = 69*x**2 + 85*x + 11. Is b(-27) a prime number?
True
Let h(o) = -o**3 + 5*o**2 - 3*o - 4. Let t be h(3). Suppose 17 = t*f + 7. Is 1599 + f + -2 + -2 composite?
False
Suppose 2*i - t - 67 = 0, -21 = -i + t + 2*t. Let g = 76 + i. Let c = g + -59. Is c a composite number?
False
Let n(v) = 4*v + 35. Let x be n(8). Suppose 3*g - 103 = i, i = 2*g - 4*g + x. Is g a prime number?
False
Let k be -4 + 1648 + (-1 - -1). Let z be (-2)/6 - k/(-18). Suppose -z = 3*w - 382. Is w a composite number?
False
Let p = -23959 + 34946. Suppose -m = -4*m + 2*d + p, -4*d - 20 = 0. Is m composite?
False
Let c(v) = 654*v + 2. Let f be c(-1). Let g = -243 - f. Let q = g + 48. Is q a composite number?
False
Let q(f) = -8*f - 1. Let n be q(4). Let u = n + -68. Let b = -42 - u. Is b a composite number?
False
Let s = -10160 + 5130. Let r = 13 - 26. Is r/(-52) - s/8 a prime number?
False
Let t(b) = 274*b + 1. Let i be t(3). Suppose -3*v - 890 = i. Let p = v - -1074. Is p a composite number?